{"id":8189,"date":"2022-09-01T17:09:56","date_gmt":"2022-09-01T20:09:56","guid":{"rendered":"https:\/\/www.didomenicapalermo.com.ar\/blog\/?page_id=8189"},"modified":"2026-02-27T13:55:33","modified_gmt":"2026-02-27T16:55:33","slug":"terminos-y-condiciones","status":"publish","type":"page","link":"https:\/\/www.didomenicapalermo.com.ar\/blog\/terminos-y-condiciones","title":{"rendered":"T\u00c9RMINOS Y CONDICIONES"},"content":{"rendered":"\n<h3 class=\"wp-block-heading\"><\/h3>\n\n\n\n<p><strong>Di Domemica Palermo<\/strong>, es una sociedad de hecho de derecho privado  y a trav\u00e9s de este documento fija las normas de uso del sitio <strong>https:\/\/www.didomenicapalermo.com.ar<\/strong> y de cualquier otro sitio web o red social, tienda o aplicaci\u00f3n operada por el titular.<\/p>\n\n\n\n<p>Al navegar por este <strong>sitio web y sus chats por WhatsApp<\/strong>, est\u00e1 aceptando que est\u00e1 de acuerdo con las condiciones de uso que figuran a continuaci\u00f3n.<\/p>\n\n\n\n<p>Si no est\u00e1 de acuerdo con los t\u00e9rminos de este acuerdo, le pedimos que no haga ning\u00fan otro uso de este sitio web, mucho menos que se registre o env\u00ede sus datos personales.<\/p>\n\n\n\n<p>Si cambiamos nuestras condiciones de uso, publicaremos el nuevo texto en este sitio web, con una fecha de revisi\u00f3n actualizada. Podemos modificar este documento en cualquier momento.<\/p>\n\n\n\n<p>Si hay un cambio significativo en los t\u00e9rminos de este acuerdo, podemos informarle utilizando la informaci\u00f3n de contacto que tenemos en nuestra base de datos o mediante una notificaci\u00f3n.<\/p>\n\n\n\n<p>El uso de este sitio web despu\u00e9s de los cambios significa que usted acepta las condiciones de uso revisadas. <\/p>\n\n\n\n<p><strong>Si, despu\u00e9s de leer la versi\u00f3n revisada, no est\u00e1 de acuerdo con sus t\u00e9rminos, por favor, termine su acceso y toda comunicaci\u00f3n digital.<\/strong><\/p>\n\n\n\n<ul class=\"wp-block-list\">\n<li>Secci\u00f3n 1 &#8211; Usuario: El uso de este <strong>sitio web y sus chats por WhatsApp<\/strong> le otorga autom\u00e1ticamente la condici\u00f3n de Usuario e implica su plena aceptaci\u00f3n de todas las directrices y condiciones incluidas en estas Condiciones.<\/li>\n\n\n\n<li>Secci\u00f3n 2 &#8211; Adhesi\u00f3n: junto con la pol\u00edtica de privacidad. El uso de este sitio web implica la adhesi\u00f3n a estas Condiciones de Uso y a la versi\u00f3n m\u00e1s actualizada de la Pol\u00edtica de Privacidad de Di Domemica Palermo.<\/li>\n\n\n\n<li>Secci\u00f3n 3 &#8211; Condiciones de acceso: En general, el acceso al sitio web de Di Domemica Palermo es gratuito y no requiere registro previo. Sin embargo, para hacer uso de algunas funcionalidades, el usuario puede necesitar registrarse, creando una cuenta de usuario con un nombre de usuario y una contrase\u00f1a de acceso. Es responsabilidad del usuario proporcionar \u00fanicamente informaci\u00f3n correcta, aut\u00e9ntica, v\u00e1lida, completa y actualizada, as\u00ed como no revelar su nombre de usuario y contrase\u00f1a a terceros. Algunas partes de este sitio web ofrecen al usuario la opci\u00f3n de publicar comentarios en determinadas \u00e1reas. Di Domemica Palermo no consiente la publicaci\u00f3n de contenidos de car\u00e1cter discriminatorio, ofensivo o il\u00edcito, o que infrinjan los derechos de autor o cualquier otro derecho de terceros.La publicaci\u00f3n de cualquier contenido por parte del usuario de este sitio web, incluidos los mensajes y comentarios, implica una licencia no exclusiva, irrevocable e irreversible para su uso, reproducci\u00f3n y publicaci\u00f3n por parte de Di Domemica Palermo en su sitio web, plataformas de internet y aplicaciones, o incluso en otras plataformas, sin ninguna restricci\u00f3n o limitaci\u00f3n.<\/li>\n\n\n\n<li>Secci\u00f3n 4 &#8211; Cookies: La informaci\u00f3n sobre el uso que usted hace de este sitio web puede recogerse a trav\u00e9s de las cookies. Las cookies son piezas de informaci\u00f3n que se almacenan directamente en el equipo que est\u00e1 utilizando. Las cookies permiten recoger informaci\u00f3n como el tipo de navegador, el tiempo de permanencia en el sitio web, las p\u00e1ginas visitadas, las preferencias de idioma y otros datos de tr\u00e1fico an\u00f3nimos. Nosotros y nuestros proveedores de servicios utilizamos la informaci\u00f3n para la protecci\u00f3n de la seguridad, para facilitar la navegaci\u00f3n, mostrar la informaci\u00f3n de manera m\u00e1s eficiente y personalizar su experiencia al utilizar este sitio web, as\u00ed como para el seguimiento en l\u00ednea. Tambi\u00e9n recopilamos informaci\u00f3n estad\u00edstica sobre el uso del sitio web para mejorar continuamente nuestro dise\u00f1o y funcionalidad, para entender c\u00f3mo se utiliza el sitio web y para ayudarle a resolver problemas relevantes. Si no desea que se recoja su informaci\u00f3n a trav\u00e9s de las cookies, existe un procedimiento sencillo en la mayor\u00eda de los navegadores que permite rechazar autom\u00e1ticamente las cookies, o le da la opci\u00f3n de aceptar o rechazar la transferencia de una cookie espec\u00edfica (o varias) de un sitio web concreto a su ordenador. Sin embargo, esto puede crear inconvenientes en su uso del sitio web.La configuraci\u00f3n que elija puede afectar a su experiencia de navegaci\u00f3n y al funcionamiento que requiere el uso de cookies. En este sentido, rechazamos cualquier responsabilidad por las consecuencias derivadas del funcionamiento limitado de este sitio web causado por la desactivaci\u00f3n de las cookies en su dispositivo (incapacidad para establecer o leer una cookie).<\/li>\n\n\n\n<li>Secci\u00f3n 5 &#8211; Propiedad intelectual: Todos los elementos de Di Domemica Palermo son propiedad intelectual de la misma o de sus licenciantes. Estos t\u00e9rminos o el uso del sitio web no le otorgan ninguna licencia o derecho de uso de los derechos de propiedad intelectual de Di Domemica Palermo o de cualquier tercero.<\/li>\n\n\n\n<li>Secci\u00f3n 6 &#8211; Enlaces a sitios web de terceros: Este sitio web puede contener, de vez en cuando, enlaces de hipertexto que le redirigir\u00e1n a sitios web de nuestros socios, anunciantes, proveedores, etc. Si hace clic en uno de estos enlaces a cualquiera de estos sitios, recuerde que cada sitio tiene sus propias pr\u00e1cticas de privacidad y que nosotros no somos responsables de estas pol\u00edticas. Por favor, consulte esas pol\u00edticas antes de enviar cualquier dato personal a esos sitios.No somos responsables de las pol\u00edticas y pr\u00e1cticas de recopilaci\u00f3n, uso y divulgaci\u00f3n (incluidas las pr\u00e1cticas de protecci\u00f3n de datos) de otras organizaciones, como Facebook, Apple, Google, Microsoft, o cualquier otro desarrollador de software o proveedor de aplicaciones, tienda de medios sociales, sistema operativo, proveedor de servicios de internet o fabricante de dispositivos, incluidos los Datos Personales que usted divulgue a otras organizaciones a trav\u00e9s de las aplicaciones, en relaci\u00f3n con dichas aplicaciones, o publicados en nuestras redes sociales. Le recomendamos que se informe sobre la pol\u00edtica de privacidad y las condiciones de uso de cada sitio web visitado o proveedor de servicios utilizado.<\/li>\n\n\n\n<li>Secci\u00f3n 7 &#8211; Plazos y modificaciones: El funcionamiento de este sitio web es por tiempo indefinido.La totalidad del sitio web o cada una de sus secciones podr\u00e1 ser cerrada, suspendida o interrumpida unilateralmente por Di Domemica Palermo, en cualquier momento y sin previo aviso.<\/li>\n\n\n\n<li>Secci\u00f3n 8 &#8211; Datos personales: Durante el uso de este sitio web, ciertos datos personales ser\u00e1n recogidos y procesados por Di Domemica Palermo y\/o los Socios. Las normas relativas al tratamiento de los datos personales de Di Domemica Palermo est\u00e1n estipuladas en la Pol\u00edtica de Privacidad.<\/li>\n\n\n\n<li>Secci\u00f3n 9 &#8211; Contacto: Si tiene alguna pregunta sobre las condiciones de uso, por favor p\u00f3ngase en contacto con nosotros por correo electr\u00f3nico didomenicapalermo@gmail.com.<\/li>\n<\/ul>\n\n\n\n<p class=\"is-style-info coblocks-alert-paragraph\" id=\"alq2\" style=\"font-size:26px\"><strong><a href=\"#alq2\">Aviso Importante y vinculante para el visitante con respecto a la oferta de inmuebles:&nbsp;<\/a><\/strong><\/p>\n\n\n\n<p><\/p>\n\n\n\n<p>Todas las ofertas de venta y alquiler de inmuebles en cuanto a sus medidas, imagenes y precios enunciadas en este sitio y por los chats de WhatsApp&nbsp;(+5493484424557 \/ +5493484420841) <strong>son meramente orientativos<\/strong>, <strong>ilustrativos y no contractuales<\/strong> <strong>ni vinculantes<\/strong> para la firma inmobiliaria.<\/p>\n\n\n\n<p>El precio de los inmuebles en este sitio al ser meramente orientativo <strong>NO VINCULANTE<\/strong> tiene la \u00fanica finalidad de fijar una base para las negociaciones entre los oferentes y los interesados que por medio de nuestra intermediaci\u00f3n en caso de arribarse a un acuerdo de partes surgir\u00e1 el valor real del inmueble para cada caso concreto. En este sentido la firma inmobiliaria podr\u00e1 cambiar en todo momento el precio orientativo tanto en este sitio como por los canales de WhatsApp.<\/p>\n\n\n\n<p>Entonces, para que una oferta sea contractual y vinculante la misma deber\u00e1 ser realizada al titular de la inmobiliaria de manera presencial y por escrito mediante una <strong>RESERVA DE COMPRA O ALQUILER<\/strong>, toda informaci\u00f3n previa obtenida por el oferente sea de manera telef\u00f3nica o por los WhatsApp oficiales o por medio de este sitio <strong>no reviste el car\u00e1cter de vinculante<\/strong> y solo se t<strong>omar\u00e1 a t\u00edtulo informativo<\/strong> o <strong>como parte de las negociaciones previas<\/strong> <strong>a la oferta v\u00e1lida por escrito<\/strong> en caso de arribarse a ella, por todo esto el visitante del sitio <strong>renuncia a todo derecho a reclamo<\/strong> que pudiera surgir de la visita a este sitio, o las conversaciones y negociaciones previas por e-mail, WhastsApp o tel\u00e9fono. <\/p>\n\n\n\n<p>En conclusi\u00f3n, solo ser\u00e1 vinculante, contractual y legalmente oponible <strong>LA RESERVA DE COMPRA O ALQUILER <\/strong>hecha por escrito y de manera presencial,  toda comunicaci\u00f3n realizada por el visitante de este sitio y sus canales de WhatsApp por le motivo que fuera son <strong>NO VINCULANTES<\/strong>, el visitante del sitio renuncia a todo derecho a reclamo alguno sobre las mismas y no podr\u00e1 oponer a terceros dichas comunicaciones.<\/p>\n\n\n\n<p>Por todo esto le est\u00e1 prohibido al visitante de \u00e9ste sitio tomar capturas de pantalla del mismo o de las conversaciones realizadas por los canales de WhatsApp del tipo que fuere, renuncia expresamente a tomar como prueba toda informaci\u00f3n que se le facilite por tanto por este sitio, WhatsApp o por tel\u00e9fono por lo que no podr\u00e1n ser oponibles a terceros o instancias judicial. <\/p>\n\n\n\n<p>Le est\u00e1 prohibido al interesado publicar en redes cualquier dato nuestro, conversaci\u00f3n, fotos y capturas de pantalla en la redes sociales bajo pena de responder por da\u00f1os perjuicios en sede judicial. En caso que el visitante transgreda esta norma se fijar\u00e1 una multa diaria de u$s 50 (cincuenta) d\u00f3lares hasta que sean quitados sin perjuicio de responder por los da\u00f1os y perjuicio que \u00e9sta transgresi\u00f3n nos ocasione.<\/p>\n\n\n\n<p id=\"alquileres1\" class=\"wp-block-coblocks-highlight\" style=\"font-size:31px\"><mark class=\"wp-block-coblocks-highlight__content\"><strong><a href=\"#alq\">Oferta de alquileres &#8211; Condiciones:<\/a><\/strong><\/mark><\/p>\n\n\n\n<p>La oferta de casas y departamentos en alquiler en el sitio web se regir\u00e1 por el siguiente procedimiento y normas:<\/p>\n\n\n\n<ul class=\"wp-block-list\">\n<li>El visitante del sitio al enviar su consulta por este sitio y sus canales de WhatsApp o correo electr\u00f3nico acepta \u00e9stas condiciones y renuncia a todo derecho a reclamo.<\/li>\n\n\n\n<li>El visitante dejar\u00e1 su consulta por el bot\u00f3n de WhatsApp, formulario de consulta o consulta telef\u00f3nica.<\/li>\n\n\n\n<li>La inmobiliaria le pasar\u00e1 el presupuesto y las condiciones de alquiler y la misma son a t\u00edtulo informativo <strong>NO VINCULANTES<\/strong> o sea puede cambiarse en cualquier momento.<\/li>\n\n\n\n<li>Si el interesado desea ver la propiedad <strong>deber\u00e1 llamar por tel\u00e9fono<\/strong> y contestar algunas preguntas iniciales y dar una referencia de la actividad e ingresos suyos y de los garantes a fin de evaluar la calidad de las garant\u00edas (no datos concretos, solo aproximados sin datos personales). Este requisito es <strong>EXCLUYENTE <\/strong>y se realizar\u00e1 <strong>S\u00d3LO DE MANERA<\/strong> <strong>TELEFONICA<\/strong>, no por WhatsApp, si el interesado envia datos personales suyo o de terceros, es bajo su exclusiva responsabilidad y renuncia a todo derecho a reclamo alguno.<\/li>\n\n\n\n<li>La inmobiliaria evaluar\u00e1 esos datos y de ser procedentes los incluir\u00e1 en una lista de visitas avis\u00e1ndole al visitante del sitio en un nuevo mensaje cuando puede ver el inmueble (d\u00eda y hora), la inmobiliaria podr\u00e1 cambiar y\/o anular tanto la visita como la inclusi\u00f3n en esta lista del interesado en cualquier momento sin previo aviso. El interesado renuncia a todo derecho a reclamo alguno si la visita no se concreta en el d\u00eda y horario fijado por el motivo que fuere. <\/li>\n\n\n\n<li>En ning\u00fan momento antes de la reserva (si procede) deber\u00e1 el interesado abonar <strong>DINERO ALGUNO PARA VER EL INMUEBLE NI DAR DATOS PERSONALES<\/strong>. En el caso de los datos personales si este los suministra es bajo su exclusiva responsabilidad por lo que renuncia a todo derecho a reclamo alguno si lo hace. Para el caso del pago previ\u00f3 para ver una propiedad esta inmobiliaria <strong>NO LO PIDE<\/strong> si por alg\u00fan motivo alg\u00fan estafador toma capturas de los inmuebles ofrecidos y se hace pasar por nosotros no nos hacemos responsables si alg\u00fan interesado hace alg\u00fan pago dinerario por el motivo que fuere, los \u00fanicos canales v\u00e1lidos son los publicados en este sitio y es obligaci\u00f3n del interesado velar por su seguridad confirmando las fuentes de los mensajes.<\/li>\n\n\n\n<li>La inmobiliaria <strong>NO <\/strong>estar\u00e1 obligada a mostrar la propiedad al visitante del sitio por el hecho de consultar y de requerirles referencias (no datos concretos).<\/li>\n\n\n\n<li>La inmobiliaria <strong>NO <\/strong>estar\u00e1 obligada a avisar al visitante del sitio en caso de no ser suficientes las referencias dadas.<\/li>\n\n\n\n<li>La inmobiliaria <strong>NO<\/strong> estar\u00e1 obligada a avisar al visitante del sitio si otro interesado ha reservado el inmueble antes. <\/li>\n\n\n\n<li>Si el interesado <strong>NO RESERV\u00d3<\/strong> la propiedad en alquiler no tiene derecho a reclamo alguno por cualquier gesti\u00f3n previa que haya realizado con esta inmobiliaria, tampoco constituye principio de ejecuci\u00f3n de contrato alguno ni vincula a las partes en nada, renunciando el interesado a todo derecho a reclamo alguno. <\/li>\n\n\n\n<li>S\u00f3lo los inmuebles que figuren activos en el listado de alquileres del men\u00fa principal son los que est\u00e1n en oferta, todos los dem\u00e1s tendr\u00e1n una franja roja arriba de la foto principal indicando que est\u00e1n reservados o fuera de oferta.<\/li>\n\n\n\n<li>La inmobiliaria se reserva el derecho de admisi\u00f3n en todo momento y de cambiar los t\u00e9rminos y condiciones antes de la reserva.<\/li>\n\n\n\n<li>La elecci\u00f3n del inquilino la realizar\u00e1 el due\u00f1o del inmueble una vez que la inmobiliaria le haya presentado el candidatos con mejores garant\u00edas e ingresos.<\/li>\n\n\n\n<li>S\u00f3lo en el punto anterior y previa aprobaci\u00f3n del propietario del inmueble se proceder\u00e1 a tomar dinero al candidato elegido para una reserva y proseguir con los dem\u00e1s requisitos y condiciones propios de alquiler.<\/li>\n\n\n\n<li>Una vez tomada la reserva se despublicar\u00e1 la propiedad, en caso de caerse la misma, el inmueble volver\u00e1 a publicarse.<\/li>\n\n\n\n<li>La reserva de alquiler estar\u00e1 condicionada a la aprobaci\u00f3n propietaria y una vez que sea aprobada se proceder\u00e1 a la realizaci\u00f3n del contrato de alquiler, en caso de no aprobarse la reserva por el motivo que fuere se le devolver\u00e1 al interesado el dinero previo descuento de los informes que son a su costa. <\/li>\n<\/ul>\n","protected":false},"excerpt":{"rendered":"<p>Di Domemica Palermo, es una sociedad de hecho de derecho privado y a trav\u00e9s de este documento fija las normas de uso del sitio https:\/\/www.didomenicapalermo.com.ar y de cualquier otro sitio web o red social, tienda o aplicaci\u00f3n operada por el titular. Al navegar por este sitio web y sus chats por WhatsApp, est\u00e1 aceptando que &#8230; <a title=\"T\u00c9RMINOS Y CONDICIONES\" class=\"read-more\" href=\"https:\/\/www.didomenicapalermo.com.ar\/blog\/terminos-y-condiciones\" aria-label=\"Leer m\u00e1s sobre T\u00c9RMINOS Y CONDICIONES\">Leer m\u00e1s<\/a><\/p>\n","protected":false},"author":8,"featured_media":0,"parent":0,"menu_order":0,"comment_status":"closed","ping_status":"closed","template":"","meta":{"_coblocks_attr":"","_coblocks_dimensions":"","_coblocks_responsive_height":"","_coblocks_accordion_ie_support":"","_joinchat":[],"footnotes":""},"class_list":["post-8189","page","type-page","status-publish"],"featured_image_src":null,"yoast_head":"<!-- This site is optimized with the Yoast SEO plugin v27.2 - https:\/\/yoast.com\/product\/yoast-seo-wordpress\/ -->\n<title>T\u00c9RMINOS Y CONDICIONES - Inmobiliaria Di Domenica Palermo<\/title>\n<meta name=\"robots\" content=\"index, follow, max-snippet:-1, max-image-preview:large, max-video-preview:-1\" \/>\n<link rel=\"canonical\" href=\"https:\/\/www.didomenicapalermo.com.ar\/blog\/terminos-y-condiciones\" \/>\n<meta property=\"og:locale\" content=\"es_ES\" \/>\n<meta property=\"og:type\" content=\"article\" \/>\n<meta property=\"og:title\" content=\"T\u00c9RMINOS Y CONDICIONES - Inmobiliaria Di Domenica Palermo\" \/>\n<meta property=\"og:description\" content=\"Di Domemica Palermo, es una sociedad de hecho de derecho privado y a trav\u00e9s de este documento fija las normas de uso del sitio https:\/\/www.didomenicapalermo.com.ar y de cualquier otro sitio web o red social, tienda o aplicaci\u00f3n operada por el titular. Al navegar por este sitio web y sus chats por WhatsApp, est\u00e1 aceptando que ... Leer m\u00e1s\" \/>\n<meta property=\"og:url\" content=\"https:\/\/www.didomenicapalermo.com.ar\/blog\/terminos-y-condiciones\" \/>\n<meta property=\"og:site_name\" content=\"Inmobiliaria Di Domenica Palermo\" \/>\n<meta property=\"article:publisher\" content=\"https:\/\/www.facebook.com\/InmobiliariasenEscobar\" \/>\n<meta property=\"article:modified_time\" content=\"2026-02-27T16:55:33+00:00\" \/>\n<meta name=\"twitter:label1\" content=\"Tiempo de lectura\" \/>\n\t<meta name=\"twitter:data1\" content=\"12 minutos\" \/>\n<script type=\"application\/ld+json\" class=\"yoast-schema-graph\">{\"@context\":\"https:\/\/schema.org\",\"@graph\":[{\"@type\":\"WebPage\",\"@id\":\"https:\/\/www.didomenicapalermo.com.ar\/blog\/terminos-y-condiciones\",\"url\":\"https:\/\/www.didomenicapalermo.com.ar\/blog\/terminos-y-condiciones\",\"name\":\"T\u00c9RMINOS Y CONDICIONES - Inmobiliaria Di Domenica Palermo\",\"isPartOf\":{\"@id\":\"https:\/\/www.didomenicapalermo.com.ar\/blog\/#website\"},\"datePublished\":\"2022-09-01T20:09:56+00:00\",\"dateModified\":\"2026-02-27T16:55:33+00:00\",\"breadcrumb\":{\"@id\":\"https:\/\/www.didomenicapalermo.com.ar\/blog\/terminos-y-condiciones#breadcrumb\"},\"inLanguage\":\"es\",\"potentialAction\":[{\"@type\":\"ReadAction\",\"target\":[\"https:\/\/www.didomenicapalermo.com.ar\/blog\/terminos-y-condiciones\"]}]},{\"@type\":\"BreadcrumbList\",\"@id\":\"https:\/\/www.didomenicapalermo.com.ar\/blog\/terminos-y-condiciones#breadcrumb\",\"itemListElement\":[{\"@type\":\"ListItem\",\"position\":1,\"name\":\"Home\",\"item\":\"https:\/\/www.didomenicapalermo.com.ar\/blog\/\"},{\"@type\":\"ListItem\",\"position\":2,\"name\":\"T\u00c9RMINOS Y CONDICIONES\"}]},{\"@type\":\"WebSite\",\"@id\":\"https:\/\/www.didomenicapalermo.com.ar\/blog\/#website\",\"url\":\"https:\/\/www.didomenicapalermo.com.ar\/blog\/\",\"name\":\"Inmobiliaria Di Domenica Palermo\",\"description\":\"Inmobiliaria especializada en Escobar y Zona Norte. Venta y alquiler de casas, departamentos, countries y barrios privados.\",\"publisher\":{\"@id\":\"https:\/\/www.didomenicapalermo.com.ar\/blog\/#organization\"},\"alternateName\":\"Blog Inmobiliario de Zona Norte\",\"potentialAction\":[{\"@type\":\"SearchAction\",\"target\":{\"@type\":\"EntryPoint\",\"urlTemplate\":\"https:\/\/www.didomenicapalermo.com.ar\/blog\/?s={search_term_string}\"},\"query-input\":{\"@type\":\"PropertyValueSpecification\",\"valueRequired\":true,\"valueName\":\"search_term_string\"}}],\"inLanguage\":\"es\"},{\"@type\":\"Organization\",\"@id\":\"https:\/\/www.didomenicapalermo.com.ar\/blog\/#organization\",\"name\":\"Inmobiliaria Di Domenica Palermo\",\"alternateName\":\"Agencia inmobiliaria de zona norte Buenos Aires\",\"url\":\"https:\/\/www.didomenicapalermo.com.ar\/blog\/\",\"logo\":{\"@type\":\"ImageObject\",\"inLanguage\":\"es\",\"@id\":\"https:\/\/www.didomenicapalermo.com.ar\/blog\/#\/schema\/logo\/image\/\",\"url\":\"https:\/\/www.didomenicapalermo.com.ar\/blog\/wp-content\/uploads\/2023\/07\/cropped-ddp-blog.png\",\"contentUrl\":\"https:\/\/www.didomenicapalermo.com.ar\/blog\/wp-content\/uploads\/2023\/07\/cropped-ddp-blog.png\",\"width\":314,\"height\":70,\"caption\":\"Inmobiliaria Di Domenica Palermo\"},\"image\":{\"@id\":\"https:\/\/www.didomenicapalermo.com.ar\/blog\/#\/schema\/logo\/image\/\"},\"sameAs\":[\"https:\/\/www.facebook.com\/InmobiliariasenEscobar\",\"https:\/\/www.youtube.com\/channel\/UCwRtrz67KDg1f1F-xJeiVlA\",\"https:\/\/www.instagram.com\/didomenicapalermo\/\"]}]}<\/script>\n<!-- \/ Yoast SEO plugin. -->","yoast_head_json":{"title":"T\u00c9RMINOS Y CONDICIONES - Inmobiliaria Di Domenica Palermo","robots":{"index":"index","follow":"follow","max-snippet":"max-snippet:-1","max-image-preview":"max-image-preview:large","max-video-preview":"max-video-preview:-1"},"canonical":"https:\/\/www.didomenicapalermo.com.ar\/blog\/terminos-y-condiciones","og_locale":"es_ES","og_type":"article","og_title":"T\u00c9RMINOS Y CONDICIONES - Inmobiliaria Di Domenica Palermo","og_description":"Di Domemica Palermo, es una sociedad de hecho de derecho privado y a trav\u00e9s de este documento fija las normas de uso del sitio https:\/\/www.didomenicapalermo.com.ar y de cualquier otro sitio web o red social, tienda o aplicaci\u00f3n operada por el titular. Al navegar por este sitio web y sus chats por WhatsApp, est\u00e1 aceptando que ... Leer m\u00e1s","og_url":"https:\/\/www.didomenicapalermo.com.ar\/blog\/terminos-y-condiciones","og_site_name":"Inmobiliaria Di Domenica Palermo","article_publisher":"https:\/\/www.facebook.com\/InmobiliariasenEscobar","article_modified_time":"2026-02-27T16:55:33+00:00","twitter_misc":{"Tiempo de lectura":"12 minutos"},"schema":{"@context":"https:\/\/schema.org","@graph":[{"@type":"WebPage","@id":"https:\/\/www.didomenicapalermo.com.ar\/blog\/terminos-y-condiciones","url":"https:\/\/www.didomenicapalermo.com.ar\/blog\/terminos-y-condiciones","name":"T\u00c9RMINOS Y CONDICIONES - Inmobiliaria Di Domenica Palermo","isPartOf":{"@id":"https:\/\/www.didomenicapalermo.com.ar\/blog\/#website"},"datePublished":"2022-09-01T20:09:56+00:00","dateModified":"2026-02-27T16:55:33+00:00","breadcrumb":{"@id":"https:\/\/www.didomenicapalermo.com.ar\/blog\/terminos-y-condiciones#breadcrumb"},"inLanguage":"es","potentialAction":[{"@type":"ReadAction","target":["https:\/\/www.didomenicapalermo.com.ar\/blog\/terminos-y-condiciones"]}]},{"@type":"BreadcrumbList","@id":"https:\/\/www.didomenicapalermo.com.ar\/blog\/terminos-y-condiciones#breadcrumb","itemListElement":[{"@type":"ListItem","position":1,"name":"Home","item":"https:\/\/www.didomenicapalermo.com.ar\/blog\/"},{"@type":"ListItem","position":2,"name":"T\u00c9RMINOS Y CONDICIONES"}]},{"@type":"WebSite","@id":"https:\/\/www.didomenicapalermo.com.ar\/blog\/#website","url":"https:\/\/www.didomenicapalermo.com.ar\/blog\/","name":"Inmobiliaria Di Domenica Palermo","description":"Inmobiliaria especializada en Escobar y Zona Norte. Venta y alquiler de casas, departamentos, countries y barrios privados.","publisher":{"@id":"https:\/\/www.didomenicapalermo.com.ar\/blog\/#organization"},"alternateName":"Blog Inmobiliario de Zona Norte","potentialAction":[{"@type":"SearchAction","target":{"@type":"EntryPoint","urlTemplate":"https:\/\/www.didomenicapalermo.com.ar\/blog\/?s={search_term_string}"},"query-input":{"@type":"PropertyValueSpecification","valueRequired":true,"valueName":"search_term_string"}}],"inLanguage":"es"},{"@type":"Organization","@id":"https:\/\/www.didomenicapalermo.com.ar\/blog\/#organization","name":"Inmobiliaria Di Domenica Palermo","alternateName":"Agencia inmobiliaria de zona norte Buenos Aires","url":"https:\/\/www.didomenicapalermo.com.ar\/blog\/","logo":{"@type":"ImageObject","inLanguage":"es","@id":"https:\/\/www.didomenicapalermo.com.ar\/blog\/#\/schema\/logo\/image\/","url":"https:\/\/www.didomenicapalermo.com.ar\/blog\/wp-content\/uploads\/2023\/07\/cropped-ddp-blog.png","contentUrl":"https:\/\/www.didomenicapalermo.com.ar\/blog\/wp-content\/uploads\/2023\/07\/cropped-ddp-blog.png","width":314,"height":70,"caption":"Inmobiliaria Di Domenica Palermo"},"image":{"@id":"https:\/\/www.didomenicapalermo.com.ar\/blog\/#\/schema\/logo\/image\/"},"sameAs":["https:\/\/www.facebook.com\/InmobiliariasenEscobar","https:\/\/www.youtube.com\/channel\/UCwRtrz67KDg1f1F-xJeiVlA","https:\/\/www.instagram.com\/didomenicapalermo\/"]}]}},"_links":{"self":[{"href":"https:\/\/www.didomenicapalermo.com.ar\/blog\/wp-json\/wp\/v2\/pages\/8189","targetHints":{"allow":["GET"]}}],"collection":[{"href":"https:\/\/www.didomenicapalermo.com.ar\/blog\/wp-json\/wp\/v2\/pages"}],"about":[{"href":"https:\/\/www.didomenicapalermo.com.ar\/blog\/wp-json\/wp\/v2\/types\/page"}],"author":[{"embeddable":true,"href":"https:\/\/www.didomenicapalermo.com.ar\/blog\/wp-json\/wp\/v2\/users\/8"}],"replies":[{"embeddable":true,"href":"https:\/\/www.didomenicapalermo.com.ar\/blog\/wp-json\/wp\/v2\/comments?post=8189"}],"version-history":[{"count":53,"href":"https:\/\/www.didomenicapalermo.com.ar\/blog\/wp-json\/wp\/v2\/pages\/8189\/revisions"}],"predecessor-version":[{"id":10202,"href":"https:\/\/www.didomenicapalermo.com.ar\/blog\/wp-json\/wp\/v2\/pages\/8189\/revisions\/10202"}],"wp:attachment":[{"href":"https:\/\/www.didomenicapalermo.com.ar\/blog\/wp-json\/wp\/v2\/media?parent=8189"}],"curies":[{"name":"wp","href":"https:\/\/api.w.org\/{rel}","templated":true}]}}